{"id":100,"date":"2022-11-26T17:36:07","date_gmt":"2022-11-26T16:36:07","guid":{"rendered":"http:\/\/bnzmany.cluster029.hosting.ovh.net\/?post_type=product&#038;p=100"},"modified":"2023-04-16T18:15:48","modified_gmt":"2023-04-16T16:15:48","slug":"5-bavoirs-avec-manches","status":"publish","type":"product","link":"http:\/\/bnzmany.cluster029.hosting.ovh.net\/index.php\/product\/5-bavoirs-avec-manches\/","title":{"rendered":"Lot de 5 bavoirs avec manches 10-20\u20ac"},"content":{"rendered":"<p><span style=\"font-weight: 400;\">Prix : 10,00 \u20ac &#8211; 20,00 \u20ac<\/span><\/p>\n<p><span style=\"font-weight: 400;\">Mod\u00e8le : 4 ou 5 bavoirs avec manches longues en diff\u00e9rentes mati\u00e8res (plastiques pour pouvoir passer l\u2019\u00e9ponge ou absorbantes pour \u00e9viter d\u2019\u00e9taler la nourriture). Marques au choix, couleurs au choix, car si c\u2019est de seconde main, tout peut faire l\u2019affaire.<\/span><\/p>\n<p><span style=\"font-weight: 400;\">\u00c0 acheter imp\u00e9rativement de seconde main sur\u00a0: <\/span><a href=\"http:\/\/www.label-emmaus.co\/\"><span style=\"font-weight: 400;\">www.label-emmaus.co<\/span><\/a><span style=\"font-weight: 400;\">, <\/span><a href=\"http:\/\/www.leboncoin.fr\/\"><span style=\"font-weight: 400;\">www.leboncoin.fr<\/span><\/a><span style=\"font-weight: 400;\">, <\/span><a href=\"http:\/\/www.facebook.com\/marketplace\"><span style=\"font-weight: 400;\">www.facebook.com\/marketplace<\/span><\/a><span style=\"font-weight: 400;\"> ou <\/span><a href=\"http:\/\/www.vinted.fr\/\"><span style=\"font-weight: 400;\">www.vinted.fr<\/span><\/a><\/p>\n<p>En r\u00e9servant ce produit, vous vous engagez \u00e0 prendre en charge l&#8217;achat de ce cadeau pour Isaure.<br \/>\nAttention \u00e0 bien aller au bout du processus de r\u00e9servation en entrant vos coordonn\u00e9es. Vous recevrez ensuite un mail de confirmation. Ce produit n&#8217;appara\u00eetra alors plus disponible sur le site, vous l&#8217;avez r\u00e9serv\u00e9 !!<br \/>\n\u00c0 vous enfin de commander le cadeau choisi en seconde main ou sur le site du fabriquant et de l&#8217;offrir \u00e0 Isaure en mains propres \ud83d\ude42.<\/p>\n","protected":false},"excerpt":{"rendered":"<h3>Lot de 5 bavoirs avec manches<\/h3>\n<p><span style=\"font-weight: 400;\">Prix : 10,00 \u20ac &#8211; 20,00 \u20ac<\/span><\/p>\n<p><span style=\"font-weight: 400;\">Mod\u00e8le : 4 ou 5 bavoirs avec manches longues en diff\u00e9rentes mati\u00e8res<\/span><\/p>\n","protected":false},"featured_media":637,"template":"","meta":[],"product_cat":[19],"product_tag":[],"class_list":["post-100","product","type-product","status-publish","has-post-thumbnail","hentry","product_cat-noel"],"_links":{"self":[{"href":"http:\/\/bnzmany.cluster029.hosting.ovh.net\/index.php\/wp-json\/wp\/v2\/product\/100","targetHints":{"allow":["GET"]}}],"collection":[{"href":"http:\/\/bnzmany.cluster029.hosting.ovh.net\/index.php\/wp-json\/wp\/v2\/product"}],"about":[{"href":"http:\/\/bnzmany.cluster029.hosting.ovh.net\/index.php\/wp-json\/wp\/v2\/types\/product"}],"wp:featuredmedia":[{"embeddable":true,"href":"http:\/\/bnzmany.cluster029.hosting.ovh.net\/index.php\/wp-json\/wp\/v2\/media\/637"}],"wp:attachment":[{"href":"http:\/\/bnzmany.cluster029.hosting.ovh.net\/index.php\/wp-json\/wp\/v2\/media?parent=100"}],"wp:term":[{"taxonomy":"product_cat","embeddable":true,"href":"http:\/\/bnzmany.cluster029.hosting.ovh.net\/index.php\/wp-json\/wp\/v2\/product_cat?post=100"},{"taxonomy":"product_tag","embeddable":true,"href":"http:\/\/bnzmany.cluster029.hosting.ovh.net\/index.php\/wp-json\/wp\/v2\/product_tag?post=100"}],"curies":[{"name":"wp","href":"https:\/\/api.w.org\/{rel}","templated":true}]}}